{"id":106,"date":"2020-07-24T01:05:11","date_gmt":"2020-07-24T06:05:11","guid":{"rendered":"http:\/\/testing.compilaideas.com\/nogalia\/?page_id=106"},"modified":"2023-07-11T20:17:18","modified_gmt":"2023-07-12T01:17:18","slug":"servicios","status":"publish","type":"page","link":"https:\/\/testing.vps101551.mylogin.co\/nogalia21\/servicios\/","title":{"rendered":"Servicios"},"content":{"rendered":"\n<p>Damos atenci\u00f3n personalizada para pedidos especiales en dos rubros:<\/p>\n\n\n\n<h3 class=\"wp-block-heading\"><a href=\"https:\/\/testing.vps101551.mylogin.co\/nogalia21\/servicios\/regalos-corporativos\/\">Regalos corporativos<\/a><\/h3>\n\n\n\n<div class=\"wp-block-columns is-layout-flex wp-container-core-columns-is-layout-9d6595d7 wp-block-columns-is-layout-flex\">\n<div class=\"wp-block-column is-layout-flow wp-block-column-is-layout-flow\" style=\"flex-basis:30.8%\">\n<figure class=\"wp-block-image size-large\"><img loading=\"lazy\" decoding=\"async\" width=\"803\" height=\"1024\" src=\"https:\/\/testing.vps101551.mylogin.co\/nogalia21\/wp-content\/uploads\/2021\/03\/regalos-personalizados-empaques-con-logotipo-regalo-empresarial-803x1024.jpg\" alt=\"\" class=\"wp-image-149\" srcset=\"https:\/\/testing.vps101551.mylogin.co\/nogalia21\/wp-content\/uploads\/2021\/03\/regalos-personalizados-empaques-con-logotipo-regalo-empresarial-803x1024.jpg 803w, https:\/\/testing.vps101551.mylogin.co\/nogalia21\/wp-content\/uploads\/2021\/03\/regalos-personalizados-empaques-con-logotipo-regalo-empresarial-900x1147.jpg 900w, https:\/\/testing.vps101551.mylogin.co\/nogalia21\/wp-content\/uploads\/2021\/03\/regalos-personalizados-empaques-con-logotipo-regalo-empresarial-235x300.jpg 235w, https:\/\/testing.vps101551.mylogin.co\/nogalia21\/wp-content\/uploads\/2021\/03\/regalos-personalizados-empaques-con-logotipo-regalo-empresarial-768x979.jpg 768w, https:\/\/testing.vps101551.mylogin.co\/nogalia21\/wp-content\/uploads\/2021\/03\/regalos-personalizados-empaques-con-logotipo-regalo-empresarial.jpg 964w\" sizes=\"auto, (max-width: 803px) 100vw, 803px\" \/><\/figure>\n<\/div>\n\n\n\n<div class=\"wp-block-column is-layout-flow wp-block-column-is-layout-flow\">\n<h4 class=\"wp-block-heading\"><a href=\"https:\/\/testing.vps101551.mylogin.co\/nogalia21\/servicios\/regalos-corporativos\/\">Regalos tan \u00fanicos como tu empresa<\/a><\/h4>\n\n\n\n<p>Impresiona a tus clientes o agradece a tus empleados, queremos ayudarte a crear regalos que dejan una emoci\u00f3n duradera. Personalizamos tu empaque con el logotipo o dise\u00f1o que desee.<\/p>\n\n\n\n<div class=\"wp-block-buttons is-layout-flex wp-block-buttons-is-layout-flex\">\n<div class=\"wp-block-button is-style-outline is-style-outline--1\"><a class=\"wp-block-button__link wp-element-button\" href=\"https:\/\/testing.vps101551.mylogin.co\/nogalia21\/servicios\/regalos-corporativos\/\">M\u00e1s informaci\u00f3n<\/a><\/div>\n<\/div>\n<\/div>\n<\/div>\n\n\n\n<div style=\"height:100px\" aria-hidden=\"true\" class=\"wp-block-spacer\"><\/div>\n\n\n\n<hr class=\"wp-block-separator has-css-opacity is-style-dots\"\/>\n\n\n\n<div style=\"height:100px\" aria-hidden=\"true\" class=\"wp-block-spacer\"><\/div>\n\n\n\n<h3 class=\"wp-block-heading\"><a href=\"https:\/\/testing.vps101551.mylogin.co\/nogalia21\/servicios\/pedidos-especiales\/\">Detalles de ocasi\u00f3n<\/a><\/h3>\n\n\n\n<figure class=\"wp-block-image size-large\"><img decoding=\"async\" src=\"https:\/\/testing.vps101551.mylogin.co\/nogalia21\/wp-content\/uploads\/2021\/03\/pedidos-especiales-detalles-de-ocasion-bautizos-boda-primera-comunion-regalos-aniversiario-graduaciones-1024x364.jpg\" alt=\"\"\/><\/figure>\n\n\n\n<p>Detalles exquisitos para los eventos m\u00e1s importantes de tu vida. Bautizos, despedidas, bodas, aniversarios, graduaciones y m\u00e1s.<\/p>\n\n\n\n<div style=\"height:24px\" aria-hidden=\"true\" class=\"wp-block-spacer\"><\/div>\n\n\n\n<div class=\"wp-block-buttons is-horizontal is-content-justification-center is-layout-flex wp-container-core-buttons-is-layout-499968f5 wp-block-buttons-is-layout-flex\">\n<div class=\"wp-block-button is-style-outline is-style-outline--2\"><a class=\"wp-block-button__link wp-element-button\" href=\"https:\/\/testing.vps101551.mylogin.co\/nogalia21\/servicios\/pedidos-especiales\/\">M\u00e1s informaci\u00f3n<\/a><\/div>\n<\/div>\n","protected":false},"excerpt":{"rendered":"<p>Damos atenci\u00f3n personalizada para pedidos especiales en dos rubros: Regalos corporativos Regalos tan \u00fanicos como tu empresa Impresiona a tus clientes o agradece a tus empleados, queremos ayudarte a crear regalos que dejan una emoci\u00f3n duradera. Personalizamos tu empaque con el logotipo o dise\u00f1o que desee. Detalles de ocasi\u00f3n Detalles exquisitos para los eventos m\u00e1s [&hellip;]<\/p>\n","protected":false},"author":1,"featured_media":0,"parent":0,"menu_order":0,"comment_status":"closed","ping_status":"closed","template":"page-service.php","meta":{"footnotes":""},"class_list":["grid-item","post-106","page","type-page","status-publish","hentry"],"yoast_head":"<!-- This site is optimized with the Yoast SEO plugin v27.4 - https:\/\/yoast.com\/product\/yoast-seo-wordpress\/ -->\n<title>Servicios &#187; Nogalia - Confiter\u00eda Fina<\/title>\n<meta name=\"description\" content=\"Fabricamos dulces gourmet para regalos corporativos y detalles de ocasi\u00f3n. Empaques personalizados. Realizamos env\u00edos a todo M\u00e9xico.\" \/>\n<meta name=\"robots\" content=\"noindex, follow, max-snippet:-1, max-image-preview:large, max-video-preview:-1\" \/>\n<meta property=\"og:locale\" content=\"es_MX\" \/>\n<meta property=\"og:type\" content=\"article\" \/>\n<meta property=\"og:title\" content=\"Servicios &#187; Nogalia - Confiter\u00eda Fina\" \/>\n<meta property=\"og:description\" content=\"Fabricamos dulces gourmet para regalos corporativos y detalles de ocasi\u00f3n. Empaques personalizados. Realizamos env\u00edos a todo M\u00e9xico.\" \/>\n<meta property=\"og:url\" content=\"https:\/\/testing.vps101551.mylogin.co\/nogalia21\/servicios\/\" \/>\n<meta property=\"og:site_name\" content=\"Nogalia\" \/>\n<meta property=\"article:publisher\" content=\"https:\/\/www.facebook.com\/Nogaliaconfiteria\" \/>\n<meta property=\"article:modified_time\" content=\"2023-07-12T01:17:18+00:00\" \/>\n<meta property=\"og:image\" content=\"https:\/\/testing.vps101551.mylogin.co\/nogalia21\/wp-content\/uploads\/2021\/03\/regalos-personalizados-empaques-con-logotipo-regalo-empresarial-803x1024.jpg\" \/>\n<meta name=\"twitter:card\" content=\"summary_large_image\" \/>\n<meta name=\"twitter:label1\" content=\"Tiempo de lectura\" \/>\n\t<meta name=\"twitter:data1\" content=\"1 minuto\" \/>\n<script type=\"application\/ld+json\" class=\"yoast-schema-graph\">{\"@context\":\"https:\\\/\\\/schema.org\",\"@graph\":[{\"@type\":\"WebPage\",\"@id\":\"https:\\\/\\\/testing.vps101551.mylogin.co\\\/nogalia21\\\/servicios\\\/\",\"url\":\"https:\\\/\\\/testing.vps101551.mylogin.co\\\/nogalia21\\\/servicios\\\/\",\"name\":\"Servicios &#187; Nogalia - Confiter\u00eda Fina\",\"isPartOf\":{\"@id\":\"https:\\\/\\\/testing.vps101551.mylogin.co\\\/nogalia21\\\/#website\"},\"primaryImageOfPage\":{\"@id\":\"https:\\\/\\\/testing.vps101551.mylogin.co\\\/nogalia21\\\/servicios\\\/#primaryimage\"},\"image\":{\"@id\":\"https:\\\/\\\/testing.vps101551.mylogin.co\\\/nogalia21\\\/servicios\\\/#primaryimage\"},\"thumbnailUrl\":\"https:\\\/\\\/testing.vps101551.mylogin.co\\\/nogalia21\\\/wp-content\\\/uploads\\\/2021\\\/03\\\/regalos-personalizados-empaques-con-logotipo-regalo-empresarial-803x1024.jpg\",\"datePublished\":\"2020-07-24T06:05:11+00:00\",\"dateModified\":\"2023-07-12T01:17:18+00:00\",\"description\":\"Fabricamos dulces gourmet para regalos corporativos y detalles de ocasi\u00f3n. Empaques personalizados. Realizamos env\u00edos a todo M\u00e9xico.\",\"breadcrumb\":{\"@id\":\"https:\\\/\\\/testing.vps101551.mylogin.co\\\/nogalia21\\\/servicios\\\/#breadcrumb\"},\"inLanguage\":\"es\",\"potentialAction\":[{\"@type\":\"ReadAction\",\"target\":[\"https:\\\/\\\/testing.vps101551.mylogin.co\\\/nogalia21\\\/servicios\\\/\"]}]},{\"@type\":\"ImageObject\",\"inLanguage\":\"es\",\"@id\":\"https:\\\/\\\/testing.vps101551.mylogin.co\\\/nogalia21\\\/servicios\\\/#primaryimage\",\"url\":\"https:\\\/\\\/testing.vps101551.mylogin.co\\\/nogalia21\\\/wp-content\\\/uploads\\\/2021\\\/03\\\/regalos-personalizados-empaques-con-logotipo-regalo-empresarial.jpg\",\"contentUrl\":\"https:\\\/\\\/testing.vps101551.mylogin.co\\\/nogalia21\\\/wp-content\\\/uploads\\\/2021\\\/03\\\/regalos-personalizados-empaques-con-logotipo-regalo-empresarial.jpg\",\"width\":964,\"height\":1229},{\"@type\":\"BreadcrumbList\",\"@id\":\"https:\\\/\\\/testing.vps101551.mylogin.co\\\/nogalia21\\\/servicios\\\/#breadcrumb\",\"itemListElement\":[{\"@type\":\"ListItem\",\"position\":1,\"name\":\"Inicio\",\"item\":\"https:\\\/\\\/testing.vps101551.mylogin.co\\\/nogalia21\\\/\"},{\"@type\":\"ListItem\",\"position\":2,\"name\":\"Servicios\"}]},{\"@type\":\"WebSite\",\"@id\":\"https:\\\/\\\/testing.vps101551.mylogin.co\\\/nogalia21\\\/#website\",\"url\":\"https:\\\/\\\/testing.vps101551.mylogin.co\\\/nogalia21\\\/\",\"name\":\"Nogalia\",\"description\":\"Confiter\u00eda fina\",\"publisher\":{\"@id\":\"https:\\\/\\\/testing.vps101551.mylogin.co\\\/nogalia21\\\/#organization\"},\"potentialAction\":[{\"@type\":\"SearchAction\",\"target\":{\"@type\":\"EntryPoint\",\"urlTemplate\":\"https:\\\/\\\/testing.vps101551.mylogin.co\\\/nogalia21\\\/?s={search_term_string}\"},\"query-input\":{\"@type\":\"PropertyValueSpecification\",\"valueRequired\":true,\"valueName\":\"search_term_string\"}}],\"inLanguage\":\"es\"},{\"@type\":\"Organization\",\"@id\":\"https:\\\/\\\/testing.vps101551.mylogin.co\\\/nogalia21\\\/#organization\",\"name\":\"Nogalia\",\"url\":\"https:\\\/\\\/testing.vps101551.mylogin.co\\\/nogalia21\\\/\",\"logo\":{\"@type\":\"ImageObject\",\"inLanguage\":\"es\",\"@id\":\"https:\\\/\\\/testing.vps101551.mylogin.co\\\/nogalia21\\\/#\\\/schema\\\/logo\\\/image\\\/\",\"url\":\"https:\\\/\\\/testing.vps101551.mylogin.co\\\/nogalia21\\\/wp-content\\\/uploads\\\/2021\\\/08\\\/nogalia-rosa.png\",\"contentUrl\":\"https:\\\/\\\/testing.vps101551.mylogin.co\\\/nogalia21\\\/wp-content\\\/uploads\\\/2021\\\/08\\\/nogalia-rosa.png\",\"width\":150,\"height\":151,\"caption\":\"Nogalia\"},\"image\":{\"@id\":\"https:\\\/\\\/testing.vps101551.mylogin.co\\\/nogalia21\\\/#\\\/schema\\\/logo\\\/image\\\/\"},\"sameAs\":[\"https:\\\/\\\/www.facebook.com\\\/Nogaliaconfiteria\",\"https:\\\/\\\/www.instagram.com\\\/nogalia_confiteria_fina\\\/\"]}]}<\/script>\n<!-- \/ Yoast SEO plugin. -->","yoast_head_json":{"title":"Servicios &#187; Nogalia - Confiter\u00eda Fina","description":"Fabricamos dulces gourmet para regalos corporativos y detalles de ocasi\u00f3n. Empaques personalizados. Realizamos env\u00edos a todo M\u00e9xico.","robots":{"index":"noindex","follow":"follow","max-snippet":"max-snippet:-1","max-image-preview":"max-image-preview:large","max-video-preview":"max-video-preview:-1"},"og_locale":"es_MX","og_type":"article","og_title":"Servicios &#187; Nogalia - Confiter\u00eda Fina","og_description":"Fabricamos dulces gourmet para regalos corporativos y detalles de ocasi\u00f3n. Empaques personalizados. Realizamos env\u00edos a todo M\u00e9xico.","og_url":"https:\/\/testing.vps101551.mylogin.co\/nogalia21\/servicios\/","og_site_name":"Nogalia","article_publisher":"https:\/\/www.facebook.com\/Nogaliaconfiteria","article_modified_time":"2023-07-12T01:17:18+00:00","og_image":[{"url":"https:\/\/testing.vps101551.mylogin.co\/nogalia21\/wp-content\/uploads\/2021\/03\/regalos-personalizados-empaques-con-logotipo-regalo-empresarial-803x1024.jpg","type":"","width":"","height":""}],"twitter_card":"summary_large_image","twitter_misc":{"Tiempo de lectura":"1 minuto"},"schema":{"@context":"https:\/\/schema.org","@graph":[{"@type":"WebPage","@id":"https:\/\/testing.vps101551.mylogin.co\/nogalia21\/servicios\/","url":"https:\/\/testing.vps101551.mylogin.co\/nogalia21\/servicios\/","name":"Servicios &#187; Nogalia - Confiter\u00eda Fina","isPartOf":{"@id":"https:\/\/testing.vps101551.mylogin.co\/nogalia21\/#website"},"primaryImageOfPage":{"@id":"https:\/\/testing.vps101551.mylogin.co\/nogalia21\/servicios\/#primaryimage"},"image":{"@id":"https:\/\/testing.vps101551.mylogin.co\/nogalia21\/servicios\/#primaryimage"},"thumbnailUrl":"https:\/\/testing.vps101551.mylogin.co\/nogalia21\/wp-content\/uploads\/2021\/03\/regalos-personalizados-empaques-con-logotipo-regalo-empresarial-803x1024.jpg","datePublished":"2020-07-24T06:05:11+00:00","dateModified":"2023-07-12T01:17:18+00:00","description":"Fabricamos dulces gourmet para regalos corporativos y detalles de ocasi\u00f3n. Empaques personalizados. Realizamos env\u00edos a todo M\u00e9xico.","breadcrumb":{"@id":"https:\/\/testing.vps101551.mylogin.co\/nogalia21\/servicios\/#breadcrumb"},"inLanguage":"es","potentialAction":[{"@type":"ReadAction","target":["https:\/\/testing.vps101551.mylogin.co\/nogalia21\/servicios\/"]}]},{"@type":"ImageObject","inLanguage":"es","@id":"https:\/\/testing.vps101551.mylogin.co\/nogalia21\/servicios\/#primaryimage","url":"https:\/\/testing.vps101551.mylogin.co\/nogalia21\/wp-content\/uploads\/2021\/03\/regalos-personalizados-empaques-con-logotipo-regalo-empresarial.jpg","contentUrl":"https:\/\/testing.vps101551.mylogin.co\/nogalia21\/wp-content\/uploads\/2021\/03\/regalos-personalizados-empaques-con-logotipo-regalo-empresarial.jpg","width":964,"height":1229},{"@type":"BreadcrumbList","@id":"https:\/\/testing.vps101551.mylogin.co\/nogalia21\/servicios\/#breadcrumb","itemListElement":[{"@type":"ListItem","position":1,"name":"Inicio","item":"https:\/\/testing.vps101551.mylogin.co\/nogalia21\/"},{"@type":"ListItem","position":2,"name":"Servicios"}]},{"@type":"WebSite","@id":"https:\/\/testing.vps101551.mylogin.co\/nogalia21\/#website","url":"https:\/\/testing.vps101551.mylogin.co\/nogalia21\/","name":"Nogalia","description":"Confiter\u00eda fina","publisher":{"@id":"https:\/\/testing.vps101551.mylogin.co\/nogalia21\/#organization"},"potentialAction":[{"@type":"SearchAction","target":{"@type":"EntryPoint","urlTemplate":"https:\/\/testing.vps101551.mylogin.co\/nogalia21\/?s={search_term_string}"},"query-input":{"@type":"PropertyValueSpecification","valueRequired":true,"valueName":"search_term_string"}}],"inLanguage":"es"},{"@type":"Organization","@id":"https:\/\/testing.vps101551.mylogin.co\/nogalia21\/#organization","name":"Nogalia","url":"https:\/\/testing.vps101551.mylogin.co\/nogalia21\/","logo":{"@type":"ImageObject","inLanguage":"es","@id":"https:\/\/testing.vps101551.mylogin.co\/nogalia21\/#\/schema\/logo\/image\/","url":"https:\/\/testing.vps101551.mylogin.co\/nogalia21\/wp-content\/uploads\/2021\/08\/nogalia-rosa.png","contentUrl":"https:\/\/testing.vps101551.mylogin.co\/nogalia21\/wp-content\/uploads\/2021\/08\/nogalia-rosa.png","width":150,"height":151,"caption":"Nogalia"},"image":{"@id":"https:\/\/testing.vps101551.mylogin.co\/nogalia21\/#\/schema\/logo\/image\/"},"sameAs":["https:\/\/www.facebook.com\/Nogaliaconfiteria","https:\/\/www.instagram.com\/nogalia_confiteria_fina\/"]}]}},"_links":{"self":[{"href":"https:\/\/testing.vps101551.mylogin.co\/nogalia21\/wp-json\/wp\/v2\/pages\/106","targetHints":{"allow":["GET"]}}],"collection":[{"href":"https:\/\/testing.vps101551.mylogin.co\/nogalia21\/wp-json\/wp\/v2\/pages"}],"about":[{"href":"https:\/\/testing.vps101551.mylogin.co\/nogalia21\/wp-json\/wp\/v2\/types\/page"}],"author":[{"embeddable":true,"href":"https:\/\/testing.vps101551.mylogin.co\/nogalia21\/wp-json\/wp\/v2\/users\/1"}],"replies":[{"embeddable":true,"href":"https:\/\/testing.vps101551.mylogin.co\/nogalia21\/wp-json\/wp\/v2\/comments?post=106"}],"version-history":[{"count":3,"href":"https:\/\/testing.vps101551.mylogin.co\/nogalia21\/wp-json\/wp\/v2\/pages\/106\/revisions"}],"predecessor-version":[{"id":931,"href":"https:\/\/testing.vps101551.mylogin.co\/nogalia21\/wp-json\/wp\/v2\/pages\/106\/revisions\/931"}],"wp:attachment":[{"href":"https:\/\/testing.vps101551.mylogin.co\/nogalia21\/wp-json\/wp\/v2\/media?parent=106"}],"curies":[{"name":"wp","href":"https:\/\/api.w.org\/{rel}","templated":true}]}}